/5 - 3)/((-2)/(-204))?
49
Let a(o) = -21*o**2 - 3*o - 517. Let t(r) = -5*r**2 - r - 129. Let x(j) = 2*a(j) - 9*t(j). Calculate the remainder when x(0) is divided by 27.
19
Let z = 7863 + -6542. What is the remainder when z is divided by 658?
5
Suppose 0 = 4*p - 9*p + 5*i + 105, 0 = p - 2*i - 26. Suppose -p*x = -22*x + 1236. What is the remainder when x is divided by 35?
31
Suppose -7*g + 30 = -5*g. What is the remainder when -11*1*58195/(-6215) is divided by g?
13
Let j(i) = i + 36. Let l be 3*((-20)/3)/1. What is the remainder when 17 is divided by j(l)?
1
Let z(t) = -t**3 + 11*t**2 - 10*t + 15. Let o be ((-12)/(-9))/4*30. Let k be z(o). Let a(y) = 4*y + 44. What is the remainder when a(k) is divided by 15?
14
Suppose 109*i - 112*i = 1677. Let k = i + 571. What is the remainder when 311 is divided by k?
11
Suppose -3*o = -5*o - 14. Let l be -4*o/70 + (-676)/(-10). Let d = l + -23. What is the remainder when 178 is divided by d?
43
Suppose -a - 11 - 14 = -f, 4*a = 5*f - 122. Suppose 75*b - 57*b - 504 = 0. Calculate the remainder when b is divided by f.
6
Let i be (-6)/1 + (-24 - -129). Let t = 5 - 58. Let x = t + i. What is the remainder when 90 is divided by x?
44
Suppose -128 = 5*c - 9*c. Suppose -3*n + 2*y + c = 0, 3*n + 2*y + 0*y - 28 = 0. Suppose 7*b = n*b - 162. Calculate the remainder when b is divided by 11.
10
Let s(j) = 18*j + 102. Let u be s(-20). Let m = u + 476. What is the remainder when m is divided by 44?
42
Let k = 93 + -72. Suppose -4*q + 3*n = 48, 88 - k = -5*q + 2*n. Let j(c) = c**3 + 13*c**2 - 34*c + 8. Calculate the remainder when j(q) is divided by 24.
20
Suppose -5*x + 39*t = 37*t - 8, 5*x = -2*t + 32. Calculate the remainder when 178 is divided by x.
2
Let p = 5185 - 5139. What is the remainder when 1256 is divided by p?
14
Let u = 16084 - 15872. What is the remainder when u is divided by 16?
4
Suppose j = -242*y + 237*y + 905, 5*y + 1900 = 2*j. Calculate the remainder when j is divided by 207.
107
Suppose -5*n + 26*t = 21*t - 2390, 0 = n - 4*t - 472. What is the remainder when n is divided by 13?
12
Let c = 18854 + -18126. What is the remainder when c is divided by 258?
212
Let u be ((-3)/3 + 5)*4. Suppose -11*v + u*v - 15 = 0. What is the remainder when 20/((v + (-10)/2)*-1) is divided by 4?
2
Let l(h) = h**2 + 51*h - 454. Suppose -2*p - p = -30. Calculate the remainder when l(-59) is divided by p.
8
Let l = 21172 - 20987. Calculate the remainder when 775 is divided by l.
35
Calculate the remainder when 393 is divided by (16 + 167/4)/(3/4).
8
Suppose -3*k + 396 = 9*k. Suppose 10*i = 17 + k. What is the remainder when 52 is divided by (2*-5)/i + 20?
16
Suppose -20*j = -13*j - 2604. Suppose 2*o = -4*g - 2*o + j, 5*o + 15 = 0. What is the remainder when g is divided by 41?
14
Let q = -6 - -12. Suppose 5*i = 117 + 1098. Let l = 269 - i. What is the remainder when l is divided by q?
2
Let w(x) be the third derivative of x**6/60 - x**5/20 + x**3/2 - 8*x**2. Suppose -15*i + 191 = -1564. Calculate the remainder when i is divided by w(3).
27
Let f = -17009 - -17076. Calculate the remainder when f is divided by (-1 - -3)/(2/7).
4
Suppose 173088 = 122*x - 84142 + 1884. Calculate the remainder when x is divided by 21.
14
Let g(h) = -h**2 - 51*h - 437. Calculate the remainder when 756 is divided by g(-13).
15
Let k = 28991 + -28914. Calculate the remainder when 1064 is divided by k.
63
Suppose -323 - 811 = -21*q. Calculate the remainder when 56 is divided by q.
2
Suppose -3*k + 2*o + 68 = 0, -2*k + o = -k - 24. Let r = -3 - 30. Let v = r + 110. Calculate the remainder when v is divided by k.
17
Suppose -v - 2*v + 81 = 2*t, -t - 3*v = -27. Let u(q) = 3*q**2 + 7*q + 8. Let b = 11 - 18. Calculate the remainder when u(b) is divided by t.
52
Let v(k) = k**3 - 11*k**2 + 28*k - 15. Let q(i) = -i**2 + 17*i - 2. What is the remainder when v(9) is divided by q(15)?
19
Suppose -26394 + 96012 = 41*j. What is the remainder when j is divided by 171?
159
Let x(f) = 5*f**2 + 52*f - 22. Let z = 217 - 94. Calculate the remainder when z is divided by x(-11).
2
Suppose 8*c = -2*c + 560. Suppose -2*n + 78 = -c. Calculate the remainder when n is divided by 14.
11
Let v = 16 - -59. Suppose -9*d = -4*d - 60. Calculate the remainder when v is divided by (3/(d/(-38)))/(17/(-34)).
18
Let l be 134/(-2) - (-2)/2. Suppose -h + 2*v = -86 + 195, -2*h + 2*v = 222. Let u = l - h. Calculate the remainder when u is divided by 13.
8
Let i be 2649/9 - 55/(-33). Let o = 423 - i. Calculate the remainder when o is divided by 19.
13
Let c = -913 + 934. What is the remainder when ((-3)/(-4))/(8/1088) is divided by c?
18
Suppose 0 = -5*z - 961 - 344. Let a = -257 - z. What is the remainder when 4 is divided by a?
0
Let m be (1 - 1)/4*1. Suppose 21*k - 8*k - 182 = m. Calculate the remainder when 26 is divided by k.
12
Let y(l) = 5*l + 82. Let b be y(28). Suppose -5*j = 4*w - 7*j - b, w = -5*j + 83. What is the remainder when 229 is divided by w?
55
Let q = 16768 - 16423. Calculate the remainder when q is divided by 32.
25
Let l(a) = 8*a**2 + 49*a + 145. Calculate the remainder when 719 is divided by l(-4).
26
Let q = -41 + 47. Let n(o) = o**3 + 13*o**2 - 2*o - 16. Let s(h) = h**2 + h. Let k(y) = q*s(y) - n(y). What is the remainder when 57 is divided by k(-8)?
9
Let f(z) = z**3 - 6*z**2 + 6*z + 2. Let a be f(5). Let l = a + -5. Suppose l*o = -50 + 68. What is the remainder when o is divided by 4?
1
Suppose 2212 + 15443 = 145*x + 255. Calculate the remainder when x is divided by 27.
12
Let n = 121 + -61. Suppose 2*m + 1330*h = 1327*h + 781, -2*m - h + 819 = 0. Calculate the remainder when m is divided by n.
59
Let u = -102 + 48. Let s = u - -89. Calculate the remainder when s is divided by 19.
16
Let t = -4677 - -4744. Calculate the remainder when 68 is divided by t.
1
Suppose 56*j - 240 = 61*j. What is the remainder when 63 is divided by j/9*(-30)/20?
7
Let o(w) = 7*w**2 - 31*w - 441. Calculate the remainder when 2508 is divided by o(-7).
9
Let r = -4857 - -4910. Calculate the remainder when 4120/(-50)*(1 + (-14)/4) is divided by r.
47
Calculate the remainder when -2*17/(238/(-2625)) - 4 is divided by 90.
11
Suppose -2*h = 3*c - 249, 195 = 5*c + 4*h - 216. What is the remainder when c is divided by 38?
11
Let h(d) be the third derivative of 7/60*d**5 - 1/120*d**6 - 1/2*d**3 + 0 - 5*d**2 + 0*d - 1/12*d**4. Calculate the remainder when h(3) is divided by 7.
6
Let t(p) be the second derivative of -5*p**3/6 + 9*p**2 - 7*p - 6. Calculate the remainder when 105 is divided by t(0).
15
Let i be (-8)/((-9)/((-2052)/8)). Let o = -74 - i. Suppose -2*h + 22 = -4. What is the remainder when o is divided by h?
11
Let n(z) = -2*z**3 + 4*z**2 - 5*z - 3. Let h be 2/(-13) - 82/(-26). Let m be n(h). Calculate the remainder when 4/m + 5332/36 is divided by 15.
13
Suppose -43*f = -32*f - 395 - 661. Calculate the remainder when 2683 is divided by f.
91
Let q = 319 + 17. Suppose -225*n - q = -228*n. What is the remainder when n is divided by 37?
1
Suppose 421 = 28*j - 279. Calculate the remainder when 618 is divided by j.
18
Suppose 125*o - 1080 = 161*o. Let k = -1 - -9. What is the remainder when k + o/(-6) + 1 is divided by 4?
2
Suppose -93 + 6 = -3*m. Let y = 1080 + -1078. Let q(g) = 7*g**3 + g**2 - 7*g + 10. Calculate the remainder when q(y) is divided by m.
27
Let u(o) = -95*o - 1500. What is the remainder when 53 is divided by u(-16)?
13
Suppose 3*j + i = -0*i + 38, 0 = -2*j + i + 27. Let d be (-2)/(-4)*-1 - (-59)/118. Suppose d = -73*x + 67*x + 210. What is the remainder when x is divided by j?
9
Let z(w) = w**3 - 4*w**2 - 6*w. Let b(y) = y - 1. Let s(c) = -4*b(c) + z(c). Let l be s(6). Suppose 20 + l = 6*f. What is the remainder when 41 is divided by f?
5
Let c = 3301 + -3275. What is the remainder when 2414 is divided by c?
22
Let v(u) = -u**2 + 54*u - 595. What is the remainder when 464 is divided by v(37)?
22
Let c = -40151 - -40290. What is the remainder when 423 is divided by c?
6
What is the remainder when (14 - (12 - -1))/((-1)/(-151)) is divided by 32?
23
Suppose 0 = -3*j + 2*n + 11, -3 = j + 4*n - 2. What is the remainder when 1446 is divided by j?
0
Let x = 645 + -460. Suppose 108 = -182*o + x*o. Calculate the remainder when 178 is divided by o.
34
Suppose 0 = 28*p - 260 + 